739f4 (base 16) in base 3?
2212100000110
121000122020101 (base 3) to base 12
2a28031
2112211110222 (base 3) to base 2
101001010110001010000
Convert 111010101111011000 (base 2) to base 4.
322233120
Convert -2301201340 (base 5) to base 8.
-23351274
What is 612444 (base 8) in base 6?
4155140
4c3210 (base 14) to base 7
31164120
What is 23213325 (base 6) in base 10?
717461
What is -1232272 (base 8) in base 10?
-341178
Convert -100100011111101000 (base 2) to base 15.
-2e455
-49a27 (base 15) to base 8
-713232
What is 564a1a (base 15) in base 13?
b11852
Convert 1253848 (base 9) to base 3.
1021210221122
Convert 23033041 (base 5) to base 10.
205396
-ae586 (base 15) to base 5
-120223001
361992 (base 14) to base 2
111000011010100011100
42576 (base 15) to base 7
1534443
-6caa (base 14) to base 16
-4a16
What is -170030 (base 12) in base 6?
-12240100
-43893 (base 12) to base 4
-111310233
Convert -3bb44 (base 14) to base 15.
-2db33
368313 (base 10) to base 13
cb84a
11221212022221 (base 3) to base 9
4855287
Convert -8945c (base 14) to base 7.
-2554345
Convert -100310200101 (base 4) to base 2.
-10000110100100000010001
What is 1000111110010100001 (base 2) in base 6?
10145201
What is -fc518 (base 16) in base 6?
-34052412
1551487 (base 9) to base 10
860623
Convert -391096 (base 12) to base 13.
-269742
Convert -10210101121 (base 3) to base 5.
-4342034
Convert 2020011011 (base 3) to base 16.
ab4c
What is a0a7a2 (base 16) in base 12?
3638b96
Convert 23041132 (base 5) to base 12.
9b114
What is -2a76a6 (base 13) in base 11?
-653a10
213020012 (base 4) to base 2
100111001000000110
What is 67b9cb (base 13) in base 4?
21113000210
179369 (base 12) to base 10
410049
Convert 506103 (base 9) to base 16.
492b7
What is 254922 (base 15) in base 10?
1787432
-11d6db (base 14) to base 4
-2111232201
What is 1188893 (base 12) in base 2?
1101000001111011101111
Convert -1443326 (base 7) to base 9.
-327368
What is 93686 (base 14) in base 12?
15171a
Convert 25672 (base 10) to base 16.
6448
a30448 (base 11) to base 13
45c394
10243132 (base 5) to base 3
11102202001
Convert -2592957 (base 10) to base 12.
-a50679
-146829 (base 10) to base 5
-14144304
Convert 2a04b (base 14) to base 12.
5046b
Convert -12524300 (base 6) to base 14.
-ab6c4
Convert -1126c86 (base 13) to base 4.
-110012300100
What is -8d9973 (base 14) in base 2?
-10010011010110110010001
Convert 10100000010101010 (base 2) to base 3.
11011121101
Convert -3005530 (base 7) to base 3.
-200000212111
Convert -4054326 (base 7) to base 3.
-220121010010
-13220464 (base 7) to base 10
-1215148
1042044302 (base 5) to base 12
92aba8
-35934 (base 12) to base 10
-72184
-8251a2 (base 14) to base 2
-10000110000101000001010
What is 3445052 (base 8) in base 5?
214431430
-110001111101010011010 (base 2) to base 7
-16625435
Convert -257a87 (base 13) to base 4.
-3130112223
What is 144016 (base 12) in base 16?
52b12
Convert 234201313 (base 5) to base 4.
10020302213
Convert -12162336 (base 8) to base 9.
-5034271
Convert -16cc4d (base 14) to base 6.
-25120405
Convert 12688785 (base 10) to base 16.
c19d91
What is 116d (base 15) in base 12?
2187
Convert -159349 (base 12) to base 6.
-11522133
-30441235 (base 7) to base 5
-1123013203
-90193 (base 14) to base 10
-346069
What is -5c383 (base 14) in base 16?
-371af
What is -1134844 (base 11) in base 3?
-10201201222211
What is -113213232032 (base 4) in base 10?
-6192014
Convert 4976077 (base 10) to base 12.
17bb811
22033300 (base 5) to base 3
100122101120
2109c (base 13) to base 7
335214
-26063 (base 11) to base 12
-19735
Convert 343305451 (base 6) to base 4.
120013233013
What is -100111000000100001011010 (base 2) in base 15?
-d6ecbe
679487 (base 13) to base 8
11255565
320564 (base 7) to base 14
16334
What is 646661 (base 14) in base 16?
33dabd
Convert 120300033 (base 4) to base 11.
6a1a4
What is 324875 (base 10) in base 11?
2020a1
4d49a (base 14) to base 3
100122222112
What is 110100111010101100100000 (base 2) in base 4?
310322230200
What is -118000 (base 9) in base 10?
-71442
Convert -1646123 (base 7) to base 11.
-147a70
313141032 (base 5) to base 16
13e072
Convert -1100673 (base 9) to base 10.
-591042
Convert -11b89 (base 14) to base 15.
-cd0c
What is -141212542 (base 6) in base 9?
-5343878
Convert -1000212100111222 (base 3) to base 2.
-111000011111010111101010
Convert -1414622 (base 9) to base 15.
-105615
Convert -35214623 (base 7) to base 16.
-2f3ffc
31175320 (base 8) to base 10
6617808
What is 21010300002 (base 4) in base 8?
11046002
750778 (base 12) to base 8
7026514
2110121112222 (base 3) to base 2
101000000000110101010
-346c5 (base 15) to base 9
-273855
Convert -216052 (base 13) to base 7.
-6444604
Convert 21060 (base 13) to base 3.
10000110220
-1e9a1 (base 15) to base 2
-11000011011010011
-1010200121210 (base 3) to base 10
-604065
Convert -34bd4 (base 14) to base 5.
-13103231
Convert 48310 (base 16) to base 12.
123154
Convert -101013233 (base 4) to base 10.
-70127
What is -6c961 (base 14) in base 10?
-265273
1011111011001101001001 (base 2) to base 9
5784162
Convert 6aacc (base 13) to base 2.
101111101001111010
Convert -945427 (base 10) to base 2.
-11100110110100010011
What is -a70 (base 15) in base 4?
-210303
What is 21062026 (base 7) in base 3?
10100102111021
577417 (base 9) to base 3
122121110121
What is -100101111011011111010111 (base 2) in base 4?
-211323133113
Convert -385a3 (base 13) to base 15.
-20d42
-11010 (base 3) to base 9
-133
2312130001 (base 5) to base 3
100202210202212
What is -500117 (base 11) in base 2?
-11000100101000010010
-7222761 (base 8) to base 16
-1d25f1
Convert -1356232 (base 9) to base 5.
-142332313
Convert -1254003 (base 7) to base 6.
-3310123
Convert -21202210110202 (base 3) to base 13.
-b17742
Convert 10111000110111 (base 2) to base 8.
27067
-214473 (base 8) to base 4
-101210323
122122212120120 (base 3) to base 12
3187a73
Convert -1314018 (base 12) to base 8.
-16260024
712455 (base 12) to base 16
1af501
Convert -11022122022 (base 3) to base 8.
-246047
Convert 32987 (base 11) to base 7.
256161
Convert -d66a3 (base 15) to base 2.
-10100101111111000110
What is -31716 (base 13) in base 14?
-24670
-2113031111 (base 4) to base 2
-10010111001101010101
Convert -20321031132 (base 4) to base 9.
-4343170
1113717 (base 12) to base 14
60c991
-312316 (base 9) to base 8
-552120
Convert 295558 (base 10) to base 11.
19206a
What is 2d68a (base 15) in base 13?
51964
What is -34061 (base 12) in base 8?
-207111
What is 107889a (base 12) in base 8?
14000766
Convert 54148 (base 9) to base 11.
24a28
What is -101110111000000000 (base 2) in base 9?
-322333
-13712185 (base 9) to base 4
-121323313130
What is -1cc766 (base 15) in base 8?
-5300026
Convert -663542 (base 7) to base 12.
-57548
What is -17ba81 (base 12) in base 15?
-82c54
Convert -22820 (base 16) to base 8.
-424040
What is 197d0 (base 16) in base 13?
3869a
201011011221 (base 3) to base 6
12025254
What is 284358a (base 11) in base 7?
56414345
Convert -ecbf4 (base 16) to base 8.
-3545764
26a4474 (base 11) to base 3
22202211200120
Convert -3455116 (base 7) to base 15.
-888a7
-100001001111100100101 (base 2) to base 6
-35203045
What is -35454235 (base 7) in base 3?
-12220111201121
3382175 (base 10) to base 4
30321232133
4731374 (base 9) to base 12
a35471
270535 (base 9) to base 5
20230322
425c4 (base 13) to base 5
12312033
-5521361 (base 7) to base 16
-a56ef
What is -111120102121 (base 3) in base 2?
-1000001001101110111
-222121102202122 (base 3) to base 16
-d7c62a
Convert -485a05 (base 13) to base 16.
-1a5784
What is -2c88b4 (base 14) in base 9?
-2837316
What is 16282 (base 12) in base 9?
47168
265552 (base 9) to base 4
213130121
Convert 2f5500 (base 16) to base 9.
5747063
26e5e5 (base 15) to base 13
506870
Convert 8d00db (base 14) to base 12.
1737069
1a0a50 (base 12) to base 16
6fbdc
What is -2500618 (base 9) in base 11?
-848839
Convert -694360 (base 10) to base 3.
-1022021111001
-a77090 (base 16) to base 13
-23728c2
What is 33202331010 (base 4) in base 11?
2333948
What is -1221211120101 (base 3) in base 8?
-3757141
12151011 (base 6) to base 9
650767
-109167 (base 10) to base 8
-325157
6632632 (base 8) to base 16
1b359a
What is 2302000303 (base 4) in base 12?
2b1b57
What is 3a46b (base 13) in base 9?
174644
9a5388 (base 11) to base 13
441815
